s 29779 prime?
False
Is 317029 prime?
True
Is 17137 a composite number?
False
Is 2552647 composite?
False
Is 104287 composite?
False
Is 120473 prime?
True
Is 117647 a composite number?
True
Is 8231 a prime number?
True
Is 4861 a composite number?
False
Is 245771 prime?
True
Is 24223 composite?
False
Is 493709 prime?
True
Is 5737 a composite number?
False
Is 2833 a composite number?
False
Is 17513 prime?
False
Is 14057 prime?
True
Is 183081 composite?
True
Is 3413 a prime number?
True
Is 19103 a prime number?
False
Is 28901 composite?
False
Is 106199 a composite number?
True
Is 16493 a composite number?
False
Is 6353 prime?
True
Is 36379 a composite number?
True
Is 40615 composite?
True
Is 36827 composite?
True
Is 5581 composite?
False
Is 433153 a composite number?
True
Is 2082099 composite?
True
Is 5381 a prime number?
True
Is 41759 composite?
False
Is 22949 composite?
True
Is 151061 a composite number?
True
Is 1382 a composite number?
True
Is 20219 a composite number?
False
Is 120973 prime?
False
Is 96893 composite?
False
Is 177503 a prime number?
False
Is 1384291 prime?
False
Is 126631 composite?
False
Is 35521 a composite number?
False
Is 34 composite?
True
Is 26507 a composite number?
True
Is 15529 prime?
False
Is 115331 prime?
True
Is 22738 a prime number?
False
Is 7411 composite?
False
Is 167521 prime?
True
Is 1939 composite?
True
Is 111143 composite?
False
Is 12889 composite?
False
Is 35093 a composite number?
True
Is 578917 a composite number?
False
Is 77923 composite?
True
Is 4618 a prime number?
False
Is 17747 a composite number?
False
Is 5615 a composite number?
True
Is 691871 a composite number?
False
Is 173339 a prime number?
False
Is 197411 a composite number?
True
Is 102761 prime?
True
Is 229997 prime?
False
Is 44069 composite?
True
Is 113279 prime?
True
Is 803093 a composite number?
False
Is 8147 composite?
False
Is 577903 a composite number?
True
Is 101359 a composite number?
False
Is 1765741 composite?
False
Is 538939 composite?
False
Is 6803 a composite number?
False
Is 9841 a composite number?
True
Is 966883 composite?
False
Is 56617 prime?
False
Is 4323351 prime?
False
Is 19263 composite?
True
Is 64594 composite?
True
Is 77533 a prime number?
False
Is 118343 a prime number?
True
Is 13799 a prime number?
True
Is 2243 composite?
False
Is 17167 a prime number?
True
Is 6353 prime?
True
Is 4007 a prime number?
True
Is 22751 composite?
False
Is 7829 composite?
False
Is 123791 composite?
False
Is 2486087 composite?
True
Is 22373 a prime number?
False
Is 2998081 a prime number?
True
Is 46329 composite?
True
Is 1070869 a prime number?
True
Is 209597 a prime number?
True
Is 176773 a composite number?
True
Is 2593751 prime?
True
Is 60077 a prime number?
True
Is 20047 composite?
False
Is 85213 prime?
True
Is 301747 composite?
False
Is 9619 a composite number?
False
Is 100907 prime?
True
Is 186769 a prime number?
False
Is 9311 a composite number?
False
Is 823337 a composite number?
False
Is 3481 composite?
True
Is 184031 composite?
False
Is 139413 a prime number?
False
Is 19801 prime?
True
Is 1979579 prime?
False
Is 204031 a composite number?
True
Is 327863 prime?
False
Is 286157 a prime number?
False
Is 465293 a prime number?
True
Is 72763 a prime number?
True
Is 47729 a prime number?
False
Is 69593 a prime number?
True
Is 21919 composite?
True
Is 685907 prime?
True
Is 512233 composite?
True
Is 1535 a composite number?
True
Is 21023 a prime number?
True
Is 9293 composite?
False
Is 23531 a prime number?
True
Is 98799 prime?
False
Is 50277 prime?
False
Is 14173 a composite number?
False
Is 37763 prime?
False
Is 113749 composite?
False
Is 310861 composite?
False
Is 363091 composite?
True
Is 586139 a prime number?
True
Is 32729 prime?
False
Is 250889 a prime number?
True
Is 16153 a composite number?
True
Is 14431 prime?
True
Is 820891 a composite number?
False
Is 9031 a composite number?
True
Is 431483 composite?
True
Is 1562959 a composite number?
True
Is 26241 prime?
False
Is 245811 prime?
False
Is 16271 a composite number?
True
Is 12689 composite?
False
Is 433909 a composite number?
True
Is 323953 prime?
False
Is 914699 a prime number?
False
Is 63793 a composite number?
False
Is 145387 a prime number?
False
Is 84163 a composite number?
False
Is 88289 a prime number?
True
Is 167387 a composite number?
True
Is 59191 prime?
False
Is 9961 a prime number?
False
Is 44327 prime?
False
Is 38273 prime?
True
Is 12745 prime?
False
Is 254623 composite?
False
Is 135829 a prime number?
True
Is 57397 a composite number?
False
Is 1046179 a prime number?
True
Is 6259 a prime number?
False
Is 19263 composite?
True
Is 178681 a prime number?
True
Is 959 a prime number?
False
Is 128077 a composite number?
True
Is 2010597 a composite number?
True
Is 25919 a prime number?
True
Is 33679 prime?
True
Is 36341 composite?
False
Is 28555 composite?
True
Is 145919 a prime number?
False
Is 16009 prime?
False
Is 816353 a composite number?
False
Is 7251 a prime number?
False
Is 139483 a prime number?
True
Is 3389 a composite number?
False
Is 62509 a prime number?
False
Is 15193 composite?
False
Is 116131 a composite number?
False
Is 73907 prime?
True
Is 199859 a prime number?
False
Is 120293 prime?
True
Is 5413 a composite number?
False
Is 256931 a composite number?
False
Is 285749 a composite number?
False
Is 49142 prime?
False
Is 1474709 prime?
False
Is 3133 a prime number?
False
Is 98369 a composite number?
False
Is 2396545 composite?
True
Is 132199 a prime number?
True
Is 1389491 a prime number?
True
Is 882781 composite?
True
Is 152717 a composite number?
False
Is 1526491 a composite number?
True
Is 235169 a composite number?
True
Is 2885 composite?
True
Is 75697 prime?
False
Is 4751 prime?
True
Is 1149407 a prime number?
False
Is 382403 prime?
False
Is 78977 a prime number?
True
Is 140789 prime?
False
Is 188431 prime?
True
Is 3647 prime?
False
Is 9841 a composite number?
True
Is 347641 a composite number?
True
Is 186419 a composite number?
False
Is 399523 prime?
True
Is 3258965 composite?
True
Is 123757 prime?
True
Is 2063107 a prime number?
True
Is 797 a composite number?
False
Is 3666581 a prime number?
True
Is 128767 prime?
True
Is 2229145 a composite number?
True
Is 10391 a prime number?
True
Is 9543 a composite number?
True
Is 2426 a composite number?
True
Is 703039 a composite number?
False
Is 126095 prime?
False
Is 27595 prime?
False
Is 827417 composite?
False
Is 19658 a composite number?
True
Is 2505101 prime?
True
Is 28429 a composite number?
False
Is 2409347 a prime number?
True
Is 6563 a composite number?
False
Is 35545 prime?
False
Is 39019 a composite number?
False
Is 63647 a composite number?
False
Is 4711 composite?
True
Is 1704023 composite?
False
Is 48877 a composite number?
True
Is 7671 a prime number?
False
Is 9719 a prime number?
True
Is 38593 composite?
False
Is 1343 prime?
False
Is 78581 composite?
True
Is 90889 composite?
True
Is 1471 a composite number?
False
Is 119545 a prime number?
False
Is 6134797 a composite number?
False
Is 469387 composite?
True
Is 18181 a composite number?
False
Is 22181 prime?
False
Is 919891 composite?
True
Is 483983 composite?
True
Is 1965241 a prime number?
False
Is 3882739 composite?
True
Is 16141 prime?
True
Is 9493 prime?
False
Is 21269 composite?
False
Is 40913 prime?
False
Is 18431 prime?
False
Is 132299 a composite number?
False
Is 951845 a composite number?
True
Is 19537 prime?
False
Is 1333777 prime?
True
Is 40346 a composite number?
True
Is 4583 a prime number?
True
Is 14971 composite?
True
Is 30407 prime?
False
Is 68371 a composite number?
False
Is 165691 prime?
False
Is 108061 prime?
True
Is 327061 composite?
True
Is 109807 a prime number?
True
Is 2483045 prime?
False
Is 18617 prime?
True
Is 39293 composite?
False
Is 2179 prime?
True
Is 869969 a composite number?
True
Is 17809 prime?
False
Is 34981 a prime number?
True
Is 6913421 prime?
True
Is 52501 prime?
True
Is 371021 prime?
False
Is 912007 composite?
False
Is 7069 a composite number?
False
Is 1156049 prime?
False
Is 2081 a composite number?
False
Is 47251 a prime number?
True
Is 38879 prime?
False
Is 8637 prime?
False
Is 8413 prime?
False
Is 37153 a composite number?
True
Is 30077 a composite number?
True
Is 1931 prime?
True
Is 763 a prime 